{"version":"1.0","provider_name":"Actualidad Summar","provider_url":"https:\/\/www.summar.es\/actualidad","author_name":"Summar","author_url":"https:\/\/www.summar.es\/actualidad\/author\/summar\/","title":"Paro en los Aut\u00f3nomos. Todo lo que cambia este 2023 - Actualidad Summar","type":"rich","width":600,"height":338,"html":"<blockquote class=\"wp-embedded-content\" data-secret=\"n0VyKucDAX\"><a href=\"https:\/\/www.summar.es\/actualidad\/autonomos-paro-2023\/\">Paro en los Aut\u00f3nomos. Todo lo que cambia este 2023<\/a><\/blockquote><iframe sandbox=\"allow-scripts\" security=\"restricted\" src=\"https:\/\/www.summar.es\/actualidad\/autonomos-paro-2023\/embed\/#?secret=n0VyKucDAX\" width=\"600\" height=\"338\" title=\"\u00abParo en los Aut\u00f3nomos. Todo lo que cambia este 2023\u00bb \u2014 Actualidad Summar\" data-secret=\"n0VyKucDAX\" frameborder=\"0\" marginwidth=\"0\" marginheight=\"0\" scrolling=\"no\" class=\"wp-embedded-content\"><\/iframe><script type=\"text\/javascript\">\n\/*! This file is auto-generated *\/\n!function(c,d){\"use strict\";var e=!1,o=!1;if(d.querySelector)if(c.addEventListener)e=!0;if(c.wp=c.wp||{},c.wp.receiveEmbedMessage);else if(c.wp.receiveEmbedMessage=function(e){var t=e.data;if(!t);else if(!(t.secret||t.message||t.value));else if(\/[^a-zA-Z0-9]\/.test(t.secret));else{for(var r,s,a,i=d.querySelectorAll('iframe[data-secret=\"'+t.secret+'\"]'),n=d.querySelectorAll('blockquote[data-secret=\"'+t.secret+'\"]'),o=new RegExp(\"^https?:$\",\"i\"),l=0;l<n.length;l++)n[l].style.display=\"none\";for(l=0;l<i.length;l++)if(r=i[l],e.source!==r.contentWindow);else{if(r.removeAttribute(\"style\"),\"height\"===t.message){if(1e3<(s=parseInt(t.value,10)))s=1e3;else if(~~s<200)s=200;r.height=s}if(\"link\"===t.message)if(s=d.createElement(\"a\"),a=d.createElement(\"a\"),s.href=r.getAttribute(\"src\"),a.href=t.value,!o.test(a.protocol));else if(a.host===s.host)if(d.activeElement===r)c.top.location.href=t.value}}},e)c.addEventListener(\"message\",c.wp.receiveEmbedMessage,!1),d.addEventListener(\"DOMContentLoaded\",t,!1),c.addEventListener(\"load\",t,!1);function t(){if(o);else{o=!0;for(var e,t,r,s=-1!==navigator.appVersion.indexOf(\"MSIE 10\"),a=!!navigator.userAgent.match(\/Trident.*rv:11\\.\/),i=d.querySelectorAll(\"iframe.wp-embedded-content\"),n=0;n<i.length;n++){if(!(r=(t=i[n]).getAttribute(\"data-secret\")))r=Math.random().toString(36).substr(2,10),t.src+=\"#?secret=\"+r,t.setAttribute(\"data-secret\",r);if(s||a)(e=t.cloneNode(!0)).removeAttribute(\"security\"),t.parentNode.replaceChild(e,t);t.contentWindow.postMessage({message:\"ready\",secret:r},\"*\")}}}}(window,document);\n<\/script>\n","thumbnail_url":"https:\/\/www.summar.es\/actualidad\/wp-content\/uploads\/2023\/01\/paro-autonomos.jpg","thumbnail_width":870,"thumbnail_height":580,"description":"Gu\u00eda sobre el nuevo sistema de cuotas de aut\u00f3nomos que comienza en 2023. Lo que debes saber sobre los cambios en el paro de los aut\u00f3nomos que entra en vigor este a\u00f1o. Prestaci\u00f3n por cese A partir de enero de 2023, los aut\u00f3nomos cotizar\u00e1n obligatoriamente por la contingencia de cese [&hellip;]"}

Paro en los Autónomos. Todo lo que cambia este 2023 - Actualidad Summar

<blockquote class="wp-embedded-content" data-secret="n0VyKucDAX"><a href="https://www.summar.es/actualidad/autonomos-paro-2023/">Paro en los Autónomos. Todo lo que cambia este 2023</a></blockquote><iframe sandbox="allow-scripts" security="restricted" src="https://www.summar.es/actualidad/autonomos-paro-2023/embed/#?secret=n0VyKucDAX" width="600" height="338" title="«Paro en los Autónomos. Todo lo que cambia este 2023» — Actualidad Summar" data-secret="n0VyKucDAX" frameborder="0" marginwidth="0" marginheight="0" scrolling="no" class="wp-embedded-content"></iframe><script type="text/javascript">
/*! This file is auto-generated */
!function(c,d){"use strict";var e=!1,o=!1;if(d.querySelector)if(c.addEventListener)e=!0;if(c.wp=c.wp||{},c.wp.receiveEmbedMessage);else if(c.wp.receiveEmbedMessage=function(e){var t=e.data;if(!t);else if(!(t.secret||t.message||t.value));else if(/[^a-zA-Z0-9]/.test(t.secret));else{for(var r,s,a,i=d.querySelectorAll('iframe[data-secret="'+t.secret+'"]'),n=d.querySelectorAll('blockquote[data-secret="'+t.secret+'"]'),o=new RegExp("^https?:$","i"),l=0;l<n.length;l++)n[l].style.display="none";for(l=0;l<i.length;l++)if(r=i[l],e.source!==r.contentWindow);else{if(r.removeAttribute("style"),"height"===t.message){if(1e3<(s=parseInt(t.value,10)))s=1e3;else if(~~s<200)s=200;r.height=s}if("link"===t.message)if(s=d.createElement("a"),a=d.createElement("a"),s.href=r.getAttribute("src"),a.href=t.value,!o.test(a.protocol));else if(a.host===s.host)if(d.activeElement===r)c.top.location.href=t.value}}},e)c.addEventListener("message",c.wp.receiveEmbedMessage,!1),d.addEventListener("DOMContentLoaded",t,!1),c.addEventListener("load",t,!1);function t(){if(o);else{o=!0;for(var e,t,r,s=-1!==navigator.appVersion.indexOf("MSIE 10"),a=!!navigator.userAgent.match(/Trident.*rv:11\./),i=d.querySelectorAll("iframe.wp-embedded-content"),n=0;n<i.length;n++){if(!(r=(t=i[n]).getAttribute("data-secret")))r=Math.random().toString(36).substr(2,10),t.src+="#?secret="+r,t.setAttribute("data-secret",r);if(s||a)(e=t.cloneNode(!0)).removeAttribute("security"),t.parentNode.replaceChild(e,t);t.contentWindow.postMessage({message:"ready",secret:r},"*")}}}}(window,document);
</script>

Guía sobre el nuevo sistema de cuotas de autónomos que comienza en 2023. Lo que debes saber sobre los cambios en el paro de los autónomos que entra en vigor este año. Prestación por cese A partir de enero de 2023, los autónomos cotizarán obligatoriamente por la contingencia de cese [&hellip;]
