{"id":3733,"date":"2021-06-10T07:00:41","date_gmt":"2021-06-10T08:00:41","guid":{"rendered":"https:\/\/www.summar.es\/actualidad\/?page_id=3733"},"modified":"2021-06-10T09:30:00","modified_gmt":"2021-06-10T10:30:00","slug":"informacion-erte","status":"publish","type":"page","link":"https:\/\/www.summar.es\/actualidad\/informacion-erte\/","title":{"rendered":"Informaci\u00f3n sobre los ERTE"},"content":{"rendered":"<p>[vc_row equal_height=\u00bbyes\u00bb content_placement=\u00bbmiddle\u00bb css=\u00bb.vc_custom_1623222198683{padding-top: 0px !important;}\u00bb][vc_column width=\u00bb1\/4&#8243; col_padding=\u00bb2&#8243; col_padding_side=\u00bbright\u00bb][vc_single_image image=\u00bb3185&#8243; css=\u00bb.vc_custom_1623225929109{margin-top: 0px !important;margin-bottom: 0px !important;border-top-width: 0px !important;border-bottom-width: 0px !important;padding-top: 0px !important;padding-bottom: 0px !important;}\u00bb][\/vc_column][vc_column width=\u00bb1\/4&#8243; col_padding=\u00bb2&#8243; col_padding_side=\u00bbleft\u00bb][\/vc_column][vc_column width=\u00bb1\/4&#8243;][\/vc_column][vc_column width=\u00bb1\/4&#8243;][\/vc_column][\/vc_row][vc_row][vc_column][vc_separator color=\u00bbwhite\u00bb css=\u00bb.vc_custom_1623311182514{padding-bottom: 50px !important;}\u00bb][vc_column_text]<\/p>\n<h1 style=\"text-align: left;\">Summar al d\u00eda. La gesti\u00f3n de los ERTE<\/h1>\n<h3><\/h3>\n<h2 style=\"text-align: left;\">Incorporamos a nuestro software las \u00faltimas normativas mediante nuevas funcionalidades o modificaciones en la programaci\u00f3n de c\u00e1lculo.<\/h2>\n<p>[\/vc_column_text][\/vc_column][\/vc_row][vc_row equal_height=\u00bbyes\u00bb content_placement=\u00bbmiddle\u00bb css=\u00bb.vc_custom_1623226378378{padding-top: 0px !important;}\u00bb][vc_column width=\u00bb1\/2&#8243; col_padding_side=\u00bbright\u00bb][vc_column_text font_size=\u00bbmedium\u00bb css=\u00bb.vc_custom_1623311163093{margin-top: 0px !important;border-top-width: 0px !important;padding-top: 0px !important;}\u00bb]<\/p>\n<h3 style=\"text-align: left;\">Funcionalidades y manuales<\/h3>\n<h3><\/h3>\n<p style=\"text-align: left;\">Incorporar la nueva y cambiante normativa referente a los Expedientes de Regulaci\u00f3n Temporal de Empleo ha sido un reto en el que hemos querido acompa\u00f1ar a nuestros clientes. Para ello, desde el mes de abril ampliamos el software con nuevas funcionalidades que permit\u00edan la gesti\u00f3n y c\u00e1lculos derivados de los ERTE as\u00ed como material de apoyo para el uso y manejo de nuestras herramientas.<\/p>\n<p>[\/vc_column_text][\/vc_column][vc_column width=\u00bb1\/2&#8243; col_padding=\u00bb2&#8243; col_padding_side=\u00bbleft\u00bb][vc_single_image image=\u00bb3741&#8243; alignment=\u00bbcenter\u00bb style=\u00bbvc_box_outline\u00bb border_color=\u00bbblue\u00bb onclick=\u00bbcustom_link\u00bb link=\u00bbhttps:\/\/vimeo.com\/400188604\/15c957976b\u00bb][\/vc_column][\/vc_row][vc_row css=\u00bb.vc_custom_1623311228247{padding-top: 30px !important;}\u00bb][vc_column][vc_column_text]<\/p>\n<div class=\"mcnTextBlock\">\n<div class=\"mcnTextBlockInner\">\n<div>\n<h3 class=\"mcnTextContent\" style=\"text-align: center;\">Gu\u00eda\u00a0para la tramitaci\u00f3n\u00a0de Expediente de regulaci\u00f3n Temporal de empleo (ERTE) por COVID-19<\/h3>\n<p>&nbsp;<\/p>\n<\/div>\n<\/div>\n<\/div>\n<div class=\"mcnTextBlock\">\n<div class=\"mcnTextBlockInner\">\n<div>\n<div class=\"mcnTextContent\">\n<div style=\"text-align: center;\"><span style=\"color: #000000;\">Dentro del \u00c1rea de Clientes de nuestras plataformas, as\u00ed como en las notificaciones y documentos de versi\u00f3n hemos generado materiales de apoyo y acompa\u00f1amiento que pretend\u00edan clarificar lo m\u00e1ximo posible el d\u00eda a d\u00eda de los t\u00e9cnicos. En esta gu\u00eda recogemos, paso a paso, desde la entrada de datos de un expediente de regulaci\u00f3n temporal de empleo, los d\u00edas de regulaci\u00f3n a las particularidades en el c\u00e1lculo de la n\u00f3mina.\u00a0<\/span><\/div>\n<\/div>\n<\/div>\n<\/div>\n<\/div>\n<p>[\/vc_column_text][vc_btn title=\u00bbACCEDE A LA GU\u00cdA AQU\u00cd\u00bb color=\u00bbprimary\u00bb align=\u00bbcenter\u00bb link=\u00bburl:https%3A%2F%2Fsummartec.sharepoint.com%2Fsites%2Fdescargas%2FHOTFIX%2FLABOR%2FManual%2520ERTE%2520COVID-19.pdf%3F%26originalPath%3DaHR0cHM6Ly9zdW1tYXJ0ZWMuc2hhcmVwb2ludC5jb20vOmI6L3MvZGVzY2FyZ2FzL0VRbVVlelprU2c5SXR1cm1TenFyU3JzQklyanlKX1VnZjlkQk9YYUJCYkw1aGc_cnRpbWU9WHFISEJiSkMyRWc|target:_blank\u00bb][vc_column_text]<\/p>\n<p style=\"text-align: center;\">La atenci\u00f3n al cliente a trav\u00e9s de los canales oficiales, mail y tel\u00e9fono, tambi\u00e9n ha sido constante y esto nos ha permitido elaborar<\/p>\n<p style=\"text-align: center;\"><span style=\"color: #1d63a0;\"><strong><a style=\"color: #1d63a0;\" href=\"https:\/\/summartec.sharepoint.com\/sites\/descargas\/HOTFIX\/LABOR\/Labor_FAQ_ERTE_COVID19.pdf?&amp;originalPath=aHR0cHM6Ly9zdW1tYXJ0ZWMuc2hhcmVwb2ludC5jb20vOmI6L3MvZGVzY2FyZ2FzL0VSYjVkSHVvN21aT2w0NzR3Q3dkNVlnQjBaSFNNa09xOXhTaXllY0xCekVmNlE_cnRpbWU9SWZLNENMSkMyRWc\" target=\"_blank\" rel=\"noopener\">un recopilatorio de PREGUNTAS FRECUENTES derivadas de la gesti\u00f3n de los ERTE.<\/a>\u00a0<\/strong><\/span><\/p>\n<p>[\/vc_column_text][\/vc_column][\/vc_row][vc_row][vc_column][vc_separator color=\u00bborange\u00bb css=\u00bb.vc_custom_1623234699244{padding-bottom: 50px !important;}\u00bb][vc_column_text]<\/p>\n<h3 style=\"text-align: center;\">Nuestras fuentes han sido siempre las oficiales<\/h3>\n<p>[\/vc_column_text][\/vc_column][\/vc_row][vc_row equal_height=\u00bbyes\u00bb content_placement=\u00bbmiddle\u00bb css=\u00bb.vc_custom_1623226378378{padding-top: 0px !important;}\u00bb][vc_column width=\u00bb2\/3&#8243; col_padding_side=\u00bbright\u00bb][vc_column_text font_size=\u00bbmedium\u00bb css=\u00bb.vc_custom_1623314687455{margin-top: 0px !important;border-top-width: 0px !important;padding-top: 0px !important;}\u00bb]<\/p>\n<p style=\"text-align: left;\">Y por ello hemos recopilado todo el material disponible y\u00a0publicado por los organismos oficiales. Hemos ayudado a nuestros clientes en la interpretaci\u00f3n de la nueva norma y hemos aprendido juntos.<\/p>\n<p>Aqu\u00ed tienes algunos de los materiales de consulta publicados que han recibido m\u00e1s consulta e inter\u00e9s.<\/p>\n<p><span style=\"color: #1d63a0;\"><strong>&#8211;\u00a0<a style=\"color: #1d63a0;\" href=\"https:\/\/www.sepe.es\/HomeSepe\/COVID-19\/preguntas-frecuentes\/preguntas-frecuentes-empresas.html\" target=\"_blank\" rel=\"noopener\">Preguntas Frecuentes sobre Trabajo en la situaci\u00f3n excepcional del COVID-19<\/a><\/strong><\/span><br \/>\n<span style=\"color: #1d63a0;\"><strong><a style=\"color: #1d63a0;\" href=\"https:\/\/summartec.sharepoint.com\/sites\/descargas\/HOTFIX\/LABOR\/FAQ_ERTES_derivados_coronavirus.pdf?&amp;originalPath=aHR0cHM6Ly9zdW1tYXJ0ZWMuc2hhcmVwb2ludC5jb20vOmI6L3MvZGVzY2FyZ2FzL0VYNXlaQXBPLU5aTWotTVN0Mk9hbVRjQlY1VEtZVkcxcXFnS3l5WDZTRUxMM3c_cnRpbWU9MXVES0ZySkMyRWc\" target=\"_blank\" rel=\"noopener\">(SEPE)<br \/>\n&#8211; Pr\u00f3rroga sobre los ERTE por fuerza mayor<br \/>\n&#8211; FAQ SOBRE LA PRESENTACI\u00d3N DE ERTEs DERIVADOS DEL CORONAVIRUS\u00a0<\/a><\/strong><\/span>[\/vc_column_text][\/vc_column][vc_column width=\u00bb1\/3&#8243;][vc_single_image image=\u00bb3744&#8243; alignment=\u00bbcenter\u00bb][\/vc_column][\/vc_row][vc_row][vc_column][vc_separator color=\u00bborange\u00bb css=\u00bb.vc_custom_1623234699244{padding-bottom: 50px !important;}\u00bb][vc_column_text]<\/p>\n<h3 style=\"text-align: center;\">Nuestras \u00faltimas entradas sobre el tema<\/h3>\n<p>[\/vc_column_text][\/vc_column][\/vc_row][vc_row][vc_column][vc_basic_grid post_type=\u00bbpost\u00bb max_items=\u00bb3&#8243; style=\u00bbload-more\u00bb items_per_page=\u00bb3&#8243; item=\u00bbmasonryGrid_FadeIn\u00bb btn_style=\u00bbmodern\u00bb btn_color=\u00bbprimary\u00bb btn_size=\u00bbxs\u00bb grid_id=\u00bbvc_gid:1623314636931-c743eb3d49a9e516ec7f8c7707fd7e5e-8&#8243; taxonomies=\u00bb54&#8243;][\/vc_column][\/vc_row]<\/p>\n","protected":false},"excerpt":{"rendered":"<p>[vc_row equal_height=\u00bbyes\u00bb content_placement=\u00bbmiddle\u00bb css=\u00bb.vc_custom_1623222198683{padding-top: 0px !important;}\u00bb][vc_column width=\u00bb1\/4&#8243; col_padding=\u00bb2&#8243; col_padding_side=\u00bbright\u00bb][vc_single_image image=\u00bb3185&#8243; css=\u00bb.vc_custom_1623225929109{margin-top: 0px !important;margin-bottom: 0px !important;border-top-width: 0px !important;border-bottom-width: 0px !important;padding-top: 0px !important;padding-bottom: 0px !important;}\u00bb][\/vc_column][vc_column width=\u00bb1\/4&#8243; col_padding=\u00bb2&#8243; col_padding_side=\u00bbleft\u00bb][\/vc_column][vc_column width=\u00bb1\/4&#8243;][\/vc_column][vc_column width=\u00bb1\/4&#8243;][\/vc_column][\/vc_row][vc_row][vc_column][vc_separator color=\u00bbwhite\u00bb css=\u00bb.vc_custom_1623311182514{padding-bottom: 50px !important;}\u00bb][vc_column_text] Summar al d\u00eda. La gesti\u00f3n de los ERTE Incorporamos a nuestro software las \u00faltimas normativas mediante nuevas funcionalidades [&hellip;]<\/p>\n","protected":false},"author":1,"featured_media":0,"parent":0,"menu_order":0,"comment_status":"closed","ping_status":"closed","template":"template-blank.php","meta":{"footnotes":""},"yoast_head":"<!-- This site is optimized with the Yoast SEO plugin v21.4 - https:\/\/yoast.com\/wordpress\/plugins\/seo\/ -->\r\n<title>Informaci\u00f3n sobre los ERTE - Actualidad Summar<\/title>\r\n<meta name=\"robots\" content=\"index, follow, max-snippet:-1, max-image-preview:large, max-video-preview:-1\" \/>\r\n<link rel=\"canonical\" href=\"https:\/\/www.summar.es\/actualidad\/informacion-erte\/\" \/>\r\n<meta property=\"og:locale\" content=\"es_ES\" \/>\r\n<meta property=\"og:type\" content=\"article\" \/>\r\n<meta property=\"og:title\" content=\"Informaci\u00f3n sobre los ERTE - Actualidad Summar\" \/>\r\n<meta property=\"og:description\" content=\"[vc_row equal_height=\u00bbyes\u00bb content_placement=\u00bbmiddle\u00bb css=\u00bb.vc_custom_1623222198683{padding-top: 0px !important;}\u00bb][vc_column width=\u00bb1\/4&#8243; col_padding=\u00bb2&#8243; col_padding_side=\u00bbright\u00bb][vc_single_image image=\u00bb3185&#8243; css=\u00bb.vc_custom_1623225929109{margin-top: 0px !important;margin-bottom: 0px !important;border-top-width: 0px !important;border-bottom-width: 0px !important;padding-top: 0px !important;padding-bottom: 0px !important;}\u00bb][\/vc_column][vc_column width=\u00bb1\/4&#8243; col_padding=\u00bb2&#8243; col_padding_side=\u00bbleft\u00bb][\/vc_column][vc_column width=\u00bb1\/4&#8243;][\/vc_column][vc_column width=\u00bb1\/4&#8243;][\/vc_column][\/vc_row][vc_row][vc_column][vc_separator color=\u00bbwhite\u00bb css=\u00bb.vc_custom_1623311182514{padding-bottom: 50px !important;}\u00bb][vc_column_text] Summar al d\u00eda. La gesti\u00f3n de los ERTE Incorporamos a nuestro software las \u00faltimas normativas mediante nuevas funcionalidades [&hellip;]\" \/>\r\n<meta property=\"og:url\" content=\"https:\/\/www.summar.es\/actualidad\/informacion-erte\/\" \/>\r\n<meta property=\"og:site_name\" content=\"Actualidad Summar\" \/>\r\n<meta property=\"article:modified_time\" content=\"2021-06-10T10:30:00+00:00\" \/>\r\n<meta name=\"twitter:card\" content=\"summary_large_image\" \/>\r\n<meta name=\"twitter:label1\" content=\"Tiempo de lectura\" \/>\n\t<meta name=\"twitter:data1\" content=\"4 minutos\" \/>\r\n<script type=\"application\/ld+json\" class=\"yoast-schema-graph\">{\"@context\":\"https:\/\/schema.org\",\"@graph\":[{\"@type\":\"WebPage\",\"@id\":\"https:\/\/www.summar.es\/actualidad\/informacion-erte\/\",\"url\":\"https:\/\/www.summar.es\/actualidad\/informacion-erte\/\",\"name\":\"Informaci\u00f3n sobre los ERTE - Actualidad Summar\",\"isPartOf\":{\"@id\":\"https:\/\/www.summar.es\/actualidad\/#website\"},\"datePublished\":\"2021-06-10T08:00:41+00:00\",\"dateModified\":\"2021-06-10T10:30:00+00:00\",\"breadcrumb\":{\"@id\":\"https:\/\/www.summar.es\/actualidad\/informacion-erte\/#breadcrumb\"},\"inLanguage\":\"es\",\"potentialAction\":[{\"@type\":\"ReadAction\",\"target\":[\"https:\/\/www.summar.es\/actualidad\/informacion-erte\/\"]}]},{\"@type\":\"BreadcrumbList\",\"@id\":\"https:\/\/www.summar.es\/actualidad\/informacion-erte\/#breadcrumb\",\"itemListElement\":[{\"@type\":\"ListItem\",\"position\":1,\"name\":\"Portada\",\"item\":\"https:\/\/www.summar.es\/actualidad\/\"},{\"@type\":\"ListItem\",\"position\":2,\"name\":\"Informaci\u00f3n sobre los ERTE\"}]},{\"@type\":\"WebSite\",\"@id\":\"https:\/\/www.summar.es\/actualidad\/#website\",\"url\":\"https:\/\/www.summar.es\/actualidad\/\",\"name\":\"Actualidad Summar\",\"description\":\"Temas de actualidad\",\"potentialAction\":[{\"@type\":\"SearchAction\",\"target\":{\"@type\":\"EntryPoint\",\"urlTemplate\":\"https:\/\/www.summar.es\/actualidad\/?s={search_term_string}\"},\"query-input\":\"required name=search_term_string\"}],\"inLanguage\":\"es\"}]}<\/script>\r\n<!-- \/ Yoast SEO plugin. -->","yoast_head_json":{"title":"Informaci\u00f3n sobre los ERTE - Actualidad Summar","robots":{"index":"index","follow":"follow","max-snippet":"max-snippet:-1","max-image-preview":"max-image-preview:large","max-video-preview":"max-video-preview:-1"},"canonical":"https:\/\/www.summar.es\/actualidad\/informacion-erte\/","og_locale":"es_ES","og_type":"article","og_title":"Informaci\u00f3n sobre los ERTE - Actualidad Summar","og_description":"[vc_row equal_height=\u00bbyes\u00bb content_placement=\u00bbmiddle\u00bb css=\u00bb.vc_custom_1623222198683{padding-top: 0px !important;}\u00bb][vc_column width=\u00bb1\/4&#8243; col_padding=\u00bb2&#8243; col_padding_side=\u00bbright\u00bb][vc_single_image image=\u00bb3185&#8243; css=\u00bb.vc_custom_1623225929109{margin-top: 0px !important;margin-bottom: 0px !important;border-top-width: 0px !important;border-bottom-width: 0px !important;padding-top: 0px !important;padding-bottom: 0px !important;}\u00bb][\/vc_column][vc_column width=\u00bb1\/4&#8243; col_padding=\u00bb2&#8243; col_padding_side=\u00bbleft\u00bb][\/vc_column][vc_column width=\u00bb1\/4&#8243;][\/vc_column][vc_column width=\u00bb1\/4&#8243;][\/vc_column][\/vc_row][vc_row][vc_column][vc_separator color=\u00bbwhite\u00bb css=\u00bb.vc_custom_1623311182514{padding-bottom: 50px !important;}\u00bb][vc_column_text] Summar al d\u00eda. La gesti\u00f3n de los ERTE Incorporamos a nuestro software las \u00faltimas normativas mediante nuevas funcionalidades [&hellip;]","og_url":"https:\/\/www.summar.es\/actualidad\/informacion-erte\/","og_site_name":"Actualidad Summar","article_modified_time":"2021-06-10T10:30:00+00:00","twitter_card":"summary_large_image","twitter_misc":{"Tiempo de lectura":"4 minutos"},"schema":{"@context":"https:\/\/schema.org","@graph":[{"@type":"WebPage","@id":"https:\/\/www.summar.es\/actualidad\/informacion-erte\/","url":"https:\/\/www.summar.es\/actualidad\/informacion-erte\/","name":"Informaci\u00f3n sobre los ERTE - Actualidad Summar","isPartOf":{"@id":"https:\/\/www.summar.es\/actualidad\/#website"},"datePublished":"2021-06-10T08:00:41+00:00","dateModified":"2021-06-10T10:30:00+00:00","breadcrumb":{"@id":"https:\/\/www.summar.es\/actualidad\/informacion-erte\/#breadcrumb"},"inLanguage":"es","potentialAction":[{"@type":"ReadAction","target":["https:\/\/www.summar.es\/actualidad\/informacion-erte\/"]}]},{"@type":"BreadcrumbList","@id":"https:\/\/www.summar.es\/actualidad\/informacion-erte\/#breadcrumb","itemListElement":[{"@type":"ListItem","position":1,"name":"Portada","item":"https:\/\/www.summar.es\/actualidad\/"},{"@type":"ListItem","position":2,"name":"Informaci\u00f3n sobre los ERTE"}]},{"@type":"WebSite","@id":"https:\/\/www.summar.es\/actualidad\/#website","url":"https:\/\/www.summar.es\/actualidad\/","name":"Actualidad Summar","description":"Temas de actualidad","potentialAction":[{"@type":"SearchAction","target":{"@type":"EntryPoint","urlTemplate":"https:\/\/www.summar.es\/actualidad\/?s={search_term_string}"},"query-input":"required name=search_term_string"}],"inLanguage":"es"}]}},"_links":{"self":[{"href":"https:\/\/www.summar.es\/actualidad\/wp-json\/wp\/v2\/pages\/3733"}],"collection":[{"href":"https:\/\/www.summar.es\/actualidad\/wp-json\/wp\/v2\/pages"}],"about":[{"href":"https:\/\/www.summar.es\/actualidad\/wp-json\/wp\/v2\/types\/page"}],"author":[{"embeddable":true,"href":"https:\/\/www.summar.es\/actualidad\/wp-json\/wp\/v2\/users\/1"}],"replies":[{"embeddable":true,"href":"https:\/\/www.summar.es\/actualidad\/wp-json\/wp\/v2\/comments?post=3733"}],"version-history":[{"count":24,"href":"https:\/\/www.summar.es\/actualidad\/wp-json\/wp\/v2\/pages\/3733\/revisions"}],"predecessor-version":[{"id":11562,"href":"https:\/\/www.summar.es\/actualidad\/wp-json\/wp\/v2\/pages\/3733\/revisions\/11562"}],"wp:attachment":[{"href":"https:\/\/www.summar.es\/actualidad\/wp-json\/wp\/v2\/media?parent=3733"}],"curies":[{"name":"wp","href":"https:\/\/api.w.org\/{rel}","templated":true}]}}