{"id":4265,"date":"2022-02-15T07:06:43","date_gmt":"2022-02-15T08:06:43","guid":{"rendered":"https:\/\/www.summar.es\/actualidad\/?page_id=4265"},"modified":"2022-03-10T13:17:12","modified_gmt":"2022-03-10T14:17:12","slug":"kit-digital-software-asesorias","status":"publish","type":"page","link":"https:\/\/www.summar.es\/actualidad\/kit-digital-software-asesorias\/","title":{"rendered":"kit &#8211; Suasor"},"content":{"rendered":"<p>[vc_row equal_height=\u00bbyes\u00bb content_placement=\u00bbmiddle\u00bb][vc_column width=\u00bb1\/4&#8243; col_padding=\u00bb2&#8243; col_padding_side=\u00bbright\u00bb][vc_single_image image=\u00bb3185&#8243; onclick=\u00bbcustom_link\u00bb css_animation=\u00bbnone\u00bb css=\u00bb.vc_custom_1646311872554{margin-bottom: 0px !important;}\u00bb link=\u00bbhttps:\/\/www.summar.es\/actualidad\/kit-digital\/\u00bb][\/vc_column][vc_column width=\u00bb3\/4&#8243;][\/vc_column][\/vc_row][vc_row equal_height=\u00bbyes\u00bb content_placement=\u00bbmiddle\u00bb css=\u00bb.vc_custom_1645100283715{padding-top: 50px !important;}\u00bb][vc_column width=\u00bb1\/2&#8243; col_padding=\u00bb2&#8243; col_padding_side=\u00bbright\u00bb][vc_column_text font_size=\u00bbmedium\u00bb]<\/p>\n<h1><strong><span style=\"color: #1d63a0;\">Suasor. ERP para Asesor\u00edas y Despachos Profesionales<\/span><\/strong><\/h1>\n<p><strong>Categor\u00eda: <\/strong>Gesti\u00f3n de procesos<\/p>\n<p><strong>Segmento I<\/strong>: Despachos y asesor\u00edas de 10 a 49 empleados de \u00e1mbito nacional.<\/p>\n<p>ERP para Despachos y Asesor\u00edas que integra toda la funcionalidad para prestar servicios a los clientes, para administrar el ciclo completo del negocio y para comunicarse con los clientes, todo ello necesario para la producci\u00f3n de servicios rentables y de calidad en Despachos de gran volumen y\/o planteamientos avanzados de gesti\u00f3n.<\/p>\n<ul>\n<li>Permite la digitalizaci\u00f3n y\/o automatizaci\u00f3n de procesos y flujos de trabajo, como Contabilidad y finanzas, facturaci\u00f3n, proyectos y recursos humanos.<\/li>\n<li>Integraci\u00f3n con plataformas externas.<\/li>\n<li>Se actualiza peri\u00f3dicamente con mejoras de producto.<\/li>\n<li>Desarrollado con una visi\u00f3n de escalabilidad.<\/li>\n<\/ul>\n<p><em>*El contenido de esta p\u00e1gina atiende a los requisitos establecidos en la regulaci\u00f3n del Programa Kit Digital de Acelera Pyme, para informaci\u00f3n m\u00e1s detallada consulta la web de Suasor.<\/em>[\/vc_column_text][\/vc_column][vc_column width=\u00bb1\/2&#8243; col_padding=\u00bb2&#8243; col_padding_side=\u00bbleft\u00bb][vc_single_image image=\u00bb4400&#8243; onclick=\u00bbcustom_link\u00bb img_link_target=\u00bb_blank\u00bb link=\u00bbhttps:\/\/vimeo.com\/280549648\/92688ece83&#8243; css=\u00bb.vc_custom_1645521474904{border-radius: 2px !important;}\u00bb][\/vc_column][\/vc_row][vc_row equal_height=\u00bbyes\u00bb content_placement=\u00bbmiddle\u00bb css=\u00bb.vc_custom_1645100059009{border-top-width: 50px !important;border-bottom-width: 50px !important;padding-top: 90px !important;padding-bottom: 90px !important;background-color: #f8f8f8 !important;}\u00bb][vc_column][vc_column_text]<\/p>\n<h2 style=\"text-align: center;\">Refuerza tu despacho mediante la integraci\u00f3n de todas las \u00e1reas en un \u00fanico software<\/h2>\n<p>[\/vc_column_text][vc_column_text font_size=\u00bbmedium\u00bb css=\u00bb.vc_custom_1646310114307{padding-right: 150px !important;padding-left: 150px !important;}\u00bb]<\/p>\n<h3 style=\"text-align: center;\"><\/h3>\n<p style=\"text-align: center;\"><strong><em>Precio desde 9.000 a 91.200 euros *<\/em><\/strong><\/p>\n<p style=\"text-align: center;\"><strong><em>Subvenci\u00f3n hasta 6.000 euros<\/em><\/strong><\/p>\n<p style=\"text-align: center;\">*El precio variar\u00e1 en funci\u00f3n del n\u00famero de usuarios y seg\u00fan los m\u00f3dulos que sean contratados.<\/p>\n<p>[\/vc_column_text][\/vc_column][\/vc_row][vc_row full_width=\u00bbstretch_row_content_no_spaces\u00bb bg_color_pre=\u00bbbg-color-accent\u00bb css=\u00bb.vc_custom_1494250403646{padding-top: 0px !important;}\u00bb][vc_column][vc_column_text]<\/p>\n<h2><\/h2>\n<h2 id=\"crm-suasor\" style=\"text-align: center;\"><span style=\"color: #ffffff;\">\u00bfNecesitas m\u00e1s detalles?<\/span><\/h2>\n<p>[\/vc_column_text][vc_column_text][\/vc_column_text][vc_btn title=\u00bbM\u00c1S INFORMACI\u00d3N EN LA WEB DE SUASOR\u00bb style=\u00bboutline\u00bb shape=\u00bbsquare\u00bb color=\u00bbwhite\u00bb align=\u00bbcenter\u00bb link=\u00bburl:https%3A%2F%2Fwww.summar.es%2Fsoftware-asesorias%2F|target:_blank\u00bb][vc_column_text][\/vc_column_text][\/vc_column][\/vc_row][vc_row bg_color_pre=\u00bbbg-color-1&#8243; css=\u00bb.vc_custom_1499957447268{padding-top: 85px !important;padding-bottom: 45px !important;}\u00bb][vc_column][vc_column_text font_size=\u00bbmedium\u00bb css=\u00bb.vc_custom_1646219363363{padding-right: 150px !important;padding-left: 150px !important;}\u00bb]<\/p>\n<h2 style=\"text-align: center;\"><strong><span style=\"color: #1d63a0;\">Y adem\u00e1s, aumenta tu subvenci\u00f3n a\u00f1adiendo estos m\u00f3dulos&#8230;<\/span><\/strong><\/h2>\n<p>[\/vc_column_text][vc_column_text css=\u00bb.vc_custom_1646309965815{padding-right: 150px !important;padding-left: 150px !important;}\u00bb]<\/p>\n<p style=\"text-align: center;\">Suasor cuenta con m\u00f3dulos adicionales que se enmarcan en las categor\u00edas del programa de Acelera Pyme: CRM, Cuadros de Mando y Factura Electr\u00f3nica y que podr\u00edan permitirte aumentar la funcionalidad de tu software para asesor\u00edas y despachos profesionales y aumentar la subvenci\u00f3n del kit digital. Para implantar cualquiera de estos m\u00f3dulos es imprescindible contar con Suasor como herramienta base.<\/p>\n<p>[\/vc_column_text][\/vc_column][\/vc_row][vc_row equal_height=\u00bbyes\u00bb content_placement=\u00bbmiddle\u00bb][vc_column width=\u00bb1\/2&#8243; col_padding=\u00bb2&#8243; col_padding_side=\u00bbright\u00bb][vc_column_text font_size=\u00bbmedium\u00bb]<\/p>\n<h1><strong><span style=\"color: #1d63a0;\">CRM de Suasor<\/span><\/strong><\/h1>\n<p><strong>Categor\u00eda<\/strong>: Gesti\u00f3n de Clientes<\/p>\n<p><strong>Segmento I<\/strong>: Despachos y asesor\u00edas de 10 a 49 empleados de \u00e1mbito nacional.<\/p>\n<p>El m\u00f3dulo de CRM o Gesti\u00f3n de clientes del Suasor facilita las relaciones con los clientes desde un punto de vista comercial, aprovechando toda la informaci\u00f3n de los clientes y las oportunidades que dispone el sistema.<\/p>\n<p>La soluci\u00f3n permite:<\/p>\n<ul>\n<li>Gesti\u00f3n de clientes: consultas\/oportunidades de negocio, de los propios clientes de Suasor.<\/li>\n<li>Gesti\u00f3n de Clientes potenciales (Leads): alta\/gesti\u00f3n de clientes potenciales y paso de cliente potencial a cliente final.<\/li>\n<li>Gesti\u00f3n de oportunidades: estados de la oportunidad y generaci\u00f3n de presupuestos.<\/li>\n<li>Reporting, planificaci\u00f3n y seguimiento comercial: indicadores y reportes.<\/li>\n<li>Alertas.<\/li>\n<\/ul>\n<p>[\/vc_column_text][\/vc_column][vc_column width=\u00bb1\/2&#8243; col_padding=\u00bb2&#8243; col_padding_side=\u00bbleft\u00bb][vc_single_image image=\u00bb4404&#8243;][\/vc_column][\/vc_row][vc_row equal_height=\u00bbyes\u00bb content_placement=\u00bbmiddle\u00bb css=\u00bb.vc_custom_1645100059009{border-top-width: 50px !important;border-bottom-width: 50px !important;padding-top: 90px !important;padding-bottom: 90px !important;background-color: #f8f8f8 !important;}\u00bb][vc_column][vc_column_text]<\/p>\n<h2 style=\"text-align: center;\">Aumenta y fideliza tus clientes sin salir de Suasor<\/h2>\n<p>[\/vc_column_text][vc_column_text font_size=\u00bbmedium\u00bb css=\u00bb.vc_custom_1646921817254{padding-right: 150px !important;padding-left: 150px !important;}\u00bb]<\/p>\n<p style=\"text-align: center;\"><strong><em>Precio desde 5.400 euros<\/em><\/strong><\/p>\n<p style=\"text-align: center;\"><strong><em>Subvenci\u00f3n hasta 4.000 euros<\/em><\/strong><\/p>\n<p>[\/vc_column_text][\/vc_column][\/vc_row][vc_row full_width=\u00bbstretch_row_content_no_spaces\u00bb bg_color_pre=\u00bbbg-color-accent\u00bb css=\u00bb.vc_custom_1494250403646{padding-top: 0px !important;}\u00bb][vc_column][vc_column_text]<\/p>\n<h2><\/h2>\n<h2 id=\"cuadros-mando\" style=\"text-align: center;\"><span style=\"color: #ffffff;\">\u00bfNecesitas m\u00e1s detalles?<\/span><\/h2>\n<p>[\/vc_column_text][vc_column_text][\/vc_column_text][vc_btn title=\u00bbM\u00c1S INFORMACI\u00d3N\u00bb style=\u00bboutline\u00bb shape=\u00bbsquare\u00bb color=\u00bbwhite\u00bb align=\u00bbcenter\u00bb link=\u00bburl:https%3A%2F%2Fwww.summar.es%2Fsoftware-asesorias%2F|target:_blank\u00bb][vc_column_text][\/vc_column_text][\/vc_column][\/vc_row][vc_row equal_height=\u00bbyes\u00bb content_placement=\u00bbmiddle\u00bb][vc_column width=\u00bb1\/2&#8243; col_padding=\u00bb2&#8243; col_padding_side=\u00bbright\u00bb][vc_column_text font_size=\u00bbmedium\u00bb]<\/p>\n<h1><strong><span style=\"color: #1d63a0;\">Cuadros de mando y anal\u00edtica para Suasor<\/span><\/strong><\/h1>\n<p><strong>Categor\u00eda<\/strong>: Business Intelligence y Anal\u00edtica<\/p>\n<p><strong>Segmento I<\/strong>: Despachos y asesor\u00edas de 10 a 49 empleados de \u00e1mbito nacional.<\/p>\n<p>Dise\u00f1ado en Power BI e integrado con las bases de datos de tu ERP de gesti\u00f3n de despachos, el m\u00f3dulo de Cuadros de Mando y Anal\u00edtica es la soluci\u00f3n de inteligencia de negocio de Summar. La soluci\u00f3n proporciona:<\/p>\n<ul>\n<li>una vista \u00fanica de los datos del negocio<\/li>\n<li>compartir informaci\u00f3n con toda la organizaci\u00f3n e insertarla en la web<\/li>\n<li>generar y compartir informes y cuadros de mando<\/li>\n<li>recibir alertas y crear cuadros de mando m\u00e9tricos de datos<\/li>\n<li>visualizar gr\u00e1ficas de datos complejos y transformar los datos en gr\u00e1ficos visuales e intuitivos<\/li>\n<\/ul>\n<p>La aplicaci\u00f3n permite tambi\u00e9n una completa integraci\u00f3n de datos con otras bases de datos as\u00ed como el almacenamiento de estos datos (1 GB por usuario).[\/vc_column_text][\/vc_column][vc_column width=\u00bb1\/2&#8243; col_padding=\u00bb2&#8243; col_padding_side=\u00bbleft\u00bb][vc_single_image image=\u00bb4406&#8243;][\/vc_column][\/vc_row][vc_row equal_height=\u00bbyes\u00bb content_placement=\u00bbmiddle\u00bb css=\u00bb.vc_custom_1645100078024{border-top-width: 50px !important;border-bottom-width: 50px !important;padding-top: 90px !important;padding-bottom: 90px !important;background-color: #f8f8f8 !important;}\u00bb][vc_column][vc_column_text]<\/p>\n<h2 style=\"text-align: center;\">Lleva la anal\u00edtica de tu negocio a otro nivel<\/h2>\n<p>[\/vc_column_text][vc_column_text font_size=\u00bbmedium\u00bb css=\u00bb.vc_custom_1646921828233{padding-right: 150px !important;padding-left: 150px !important;}\u00bb]<\/p>\n<p style=\"text-align: center;\"><strong><em>Precio desde 5.500 euros<\/em><\/strong><\/p>\n<p style=\"text-align: center;\"><strong><em>Subvenci\u00f3n hasta 4.000 euros<\/em><\/strong><\/p>\n<p>[\/vc_column_text][\/vc_column][\/vc_row][vc_row full_width=\u00bbstretch_row_content_no_spaces\u00bb bg_color_pre=\u00bbbg-color-accent\u00bb css=\u00bb.vc_custom_1494250403646{padding-top: 0px !important;}\u00bb][vc_column][vc_column_text]<\/p>\n<h2><\/h2>\n<h2 id=\"factura-electronica\" style=\"text-align: center;\"><span style=\"color: #ffffff;\">\u00bfNecesitas m\u00e1s detalles?<\/span><\/h2>\n<p>[\/vc_column_text][vc_column_text][\/vc_column_text][vc_btn title=\u00bbM\u00c1S INFORMACI\u00d3N\u00bb style=\u00bboutline\u00bb shape=\u00bbsquare\u00bb color=\u00bbwhite\u00bb align=\u00bbcenter\u00bb link=\u00bburl:https%3A%2F%2Fwww.summar.es%2Fsoftware-asesorias%2F|target:_blank\u00bb][vc_column_text][\/vc_column_text][\/vc_column][\/vc_row][vc_row equal_height=\u00bbyes\u00bb content_placement=\u00bbmiddle\u00bb][vc_column width=\u00bb1\/2&#8243; col_padding=\u00bb2&#8243; col_padding_side=\u00bbright\u00bb][vc_column_text font_size=\u00bbmedium\u00bb]<\/p>\n<h1><strong><span style=\"color: #1d63a0;\">Facturaci\u00f3n Electr\u00f3nica desde Suasor<\/span><\/strong><\/h1>\n<p><strong>Categor\u00eda<\/strong>: Factura Electr\u00f3nica<\/p>\n<p><strong>Segmento I<\/strong>: Despachos y asesor\u00edas de 10 a 49 empleados de \u00e1mbito nacional.<\/p>\n<p>eFactura en Suasor permite la reducci\u00f3n de costes de papel, impresi\u00f3n y env\u00edo, la optimizaci\u00f3n del tiempo de b\u00fasqueda de informaci\u00f3n y una gesti\u00f3n de documentos \u00e1gil y eficaz.<br \/>\neFactura de Suasor contempla el tratamiento de las facturas emitidas por el asesor utilizando un certificado digital homologado por la AEAT y de las facturas recibidas de proveedores en funci\u00f3n de que el proveedor las remita ya firmadas o bien firm\u00e1ndolas el asesor.<\/p>\n<p>\u00bfPor qu\u00e9 e-Factura?<\/p>\n<ul>\n<li>Facturas en formato estructurado.<\/li>\n<li>Facturas ilimitadas.<\/li>\n<li>Clientes ilimitados: env\u00edo de facturas a un n\u00famero ilimitado de clientes.<\/li>\n<li>Creaci\u00f3n ilimitada de productos y servicios facturables dentro del cat\u00e1logo.<\/li>\n<li>Env\u00edo de facturas por correo electr\u00f3nico.<\/li>\n<li>Personalizaci\u00f3n de facturas, incluyendo la selecci\u00f3n del logotipo.<\/li>\n<\/ul>\n<p>[\/vc_column_text][\/vc_column][vc_column width=\u00bb1\/2&#8243; col_padding=\u00bb2&#8243; col_padding_side=\u00bbleft\u00bb][vc_single_image image=\u00bb4403&#8243;][\/vc_column][\/vc_row][vc_row equal_height=\u00bbyes\u00bb content_placement=\u00bbmiddle\u00bb css=\u00bb.vc_custom_1645100091651{border-top-width: 50px !important;border-bottom-width: 50px !important;padding-top: 90px !important;padding-bottom: 90px !important;background-color: #f8f8f8 !important;}\u00bb][vc_column][vc_column_text]<\/p>\n<h2 style=\"text-align: center;\">Digitaliza tu facturaci\u00f3n<\/h2>\n<p>[\/vc_column_text][vc_column_text font_size=\u00bbmedium\u00bb css=\u00bb.vc_custom_1646310040982{padding-right: 150px !important;padding-left: 150px !important;}\u00bb]<\/p>\n<p style=\"text-align: center;\"><strong><em>Precio 1.800 euros<\/em><\/strong><\/p>\n<p style=\"text-align: center;\"><strong><em>Subvenci\u00f3n hasta 1.000 euros<\/em><\/strong><\/p>\n<p style=\"text-align: center;\">*El precio variar\u00e1 en funci\u00f3n del n\u00famero de usuarios y seg\u00fan los servicios de parametrizaci\u00f3n requeridos.<\/p>\n<p>[\/vc_column_text][\/vc_column][\/vc_row][vc_row full_width=\u00bbstretch_row_content_no_spaces\u00bb bg_color_pre=\u00bbbg-color-accent\u00bb css=\u00bb.vc_custom_1494250403646{padding-top: 0px !important;}\u00bb][vc_column][vc_column_text]<\/p>\n<h2><\/h2>\n<h2 id=\"contacto\" style=\"text-align: center;\"><span style=\"color: #ffffff;\">\u00bfNecesitas m\u00e1s detalles?<\/span><\/h2>\n<p>[\/vc_column_text][vc_column_text][\/vc_column_text][vc_btn title=\u00bbM\u00c1S INFORMACI\u00d3N\u00bb style=\u00bboutline\u00bb shape=\u00bbsquare\u00bb color=\u00bbwhite\u00bb align=\u00bbcenter\u00bb link=\u00bburl:https%3A%2F%2Fwww.summar.es%2Fsoftware-asesorias%2F|target:_blank\u00bb][vc_column_text][\/vc_column_text][\/vc_column][\/vc_row][vc_row][vc_column width=\u00bb1\/6&#8243;][\/vc_column][vc_column width=\u00bb2\/3&#8243;][vc_single_image image=\u00bb4071&#8243;][\/vc_column][vc_column width=\u00bb1\/6&#8243;][\/vc_column][\/vc_row]<\/p>\n","protected":false},"excerpt":{"rendered":"<p>[vc_row equal_height=\u00bbyes\u00bb content_placement=\u00bbmiddle\u00bb][vc_column width=\u00bb1\/4&#8243; col_padding=\u00bb2&#8243; col_padding_side=\u00bbright\u00bb][vc_single_image image=\u00bb3185&#8243; onclick=\u00bbcustom_link\u00bb css_animation=\u00bbnone\u00bb css=\u00bb.vc_custom_1646311872554{margin-bottom: 0px !important;}\u00bb link=\u00bbhttps:\/\/www.summar.es\/actualidad\/kit-digital\/\u00bb][\/vc_column][vc_column width=\u00bb3\/4&#8243;][\/vc_column][\/vc_row][vc_row equal_height=\u00bbyes\u00bb content_placement=\u00bbmiddle\u00bb css=\u00bb.vc_custom_1645100283715{padding-top: 50px !important;}\u00bb][vc_column width=\u00bb1\/2&#8243; col_padding=\u00bb2&#8243; col_padding_side=\u00bbright\u00bb][vc_column_text font_size=\u00bbmedium\u00bb] Suasor. ERP para Asesor\u00edas y Despachos Profesionales Categor\u00eda: Gesti\u00f3n de procesos Segmento I: Despachos y asesor\u00edas de 10 a 49 empleados de \u00e1mbito nacional. ERP para Despachos [&hellip;]<\/p>\n","protected":false},"author":1,"featured_media":0,"parent":0,"menu_order":0,"comment_status":"closed","ping_status":"closed","template":"template-blank.php","meta":{"footnotes":""},"yoast_head":"<!-- This site is optimized with the Yoast SEO plugin v21.4 - https:\/\/yoast.com\/wordpress\/plugins\/seo\/ -->\r\n<title>kit - Suasor - Actualidad Summar<\/title>\r\n<meta name=\"robots\" content=\"index, follow, max-snippet:-1, max-image-preview:large, max-video-preview:-1\" \/>\r\n<link rel=\"canonical\" href=\"https:\/\/www.summar.es\/actualidad\/kit-digital-software-asesorias\/\" \/>\r\n<meta property=\"og:locale\" content=\"es_ES\" \/>\r\n<meta property=\"og:type\" content=\"article\" \/>\r\n<meta property=\"og:title\" content=\"kit - Suasor - Actualidad Summar\" \/>\r\n<meta property=\"og:description\" content=\"[vc_row equal_height=\u00bbyes\u00bb content_placement=\u00bbmiddle\u00bb][vc_column width=\u00bb1\/4&#8243; col_padding=\u00bb2&#8243; col_padding_side=\u00bbright\u00bb][vc_single_image image=\u00bb3185&#8243; onclick=\u00bbcustom_link\u00bb css_animation=\u00bbnone\u00bb css=\u00bb.vc_custom_1646311872554{margin-bottom: 0px !important;}\u00bb link=\u00bbhttps:\/\/www.summar.es\/actualidad\/kit-digital\/\u00bb][\/vc_column][vc_column width=\u00bb3\/4&#8243;][\/vc_column][\/vc_row][vc_row equal_height=\u00bbyes\u00bb content_placement=\u00bbmiddle\u00bb css=\u00bb.vc_custom_1645100283715{padding-top: 50px !important;}\u00bb][vc_column width=\u00bb1\/2&#8243; col_padding=\u00bb2&#8243; col_padding_side=\u00bbright\u00bb][vc_column_text font_size=\u00bbmedium\u00bb] Suasor. ERP para Asesor\u00edas y Despachos Profesionales Categor\u00eda: Gesti\u00f3n de procesos Segmento I: Despachos y asesor\u00edas de 10 a 49 empleados de \u00e1mbito nacional. ERP para Despachos [&hellip;]\" \/>\r\n<meta property=\"og:url\" content=\"https:\/\/www.summar.es\/actualidad\/kit-digital-software-asesorias\/\" \/>\r\n<meta property=\"og:site_name\" content=\"Actualidad Summar\" \/>\r\n<meta property=\"article:modified_time\" content=\"2022-03-10T14:17:12+00:00\" \/>\r\n<meta name=\"twitter:card\" content=\"summary_large_image\" \/>\r\n<meta name=\"twitter:label1\" content=\"Tiempo de lectura\" \/>\n\t<meta name=\"twitter:data1\" content=\"5 minutos\" \/>\r\n<script type=\"application\/ld+json\" class=\"yoast-schema-graph\">{\"@context\":\"https:\/\/schema.org\",\"@graph\":[{\"@type\":\"WebPage\",\"@id\":\"https:\/\/www.summar.es\/actualidad\/kit-digital-software-asesorias\/\",\"url\":\"https:\/\/www.summar.es\/actualidad\/kit-digital-software-asesorias\/\",\"name\":\"kit - Suasor - Actualidad Summar\",\"isPartOf\":{\"@id\":\"https:\/\/www.summar.es\/actualidad\/#website\"},\"datePublished\":\"2022-02-15T08:06:43+00:00\",\"dateModified\":\"2022-03-10T14:17:12+00:00\",\"breadcrumb\":{\"@id\":\"https:\/\/www.summar.es\/actualidad\/kit-digital-software-asesorias\/#breadcrumb\"},\"inLanguage\":\"es\",\"potentialAction\":[{\"@type\":\"ReadAction\",\"target\":[\"https:\/\/www.summar.es\/actualidad\/kit-digital-software-asesorias\/\"]}]},{\"@type\":\"BreadcrumbList\",\"@id\":\"https:\/\/www.summar.es\/actualidad\/kit-digital-software-asesorias\/#breadcrumb\",\"itemListElement\":[{\"@type\":\"ListItem\",\"position\":1,\"name\":\"Portada\",\"item\":\"https:\/\/www.summar.es\/actualidad\/\"},{\"@type\":\"ListItem\",\"position\":2,\"name\":\"kit &#8211; Suasor\"}]},{\"@type\":\"WebSite\",\"@id\":\"https:\/\/www.summar.es\/actualidad\/#website\",\"url\":\"https:\/\/www.summar.es\/actualidad\/\",\"name\":\"Actualidad Summar\",\"description\":\"Temas de actualidad\",\"potentialAction\":[{\"@type\":\"SearchAction\",\"target\":{\"@type\":\"EntryPoint\",\"urlTemplate\":\"https:\/\/www.summar.es\/actualidad\/?s={search_term_string}\"},\"query-input\":\"required name=search_term_string\"}],\"inLanguage\":\"es\"}]}<\/script>\r\n<!-- \/ Yoast SEO plugin. -->","yoast_head_json":{"title":"kit - Suasor - Actualidad Summar","robots":{"index":"index","follow":"follow","max-snippet":"max-snippet:-1","max-image-preview":"max-image-preview:large","max-video-preview":"max-video-preview:-1"},"canonical":"https:\/\/www.summar.es\/actualidad\/kit-digital-software-asesorias\/","og_locale":"es_ES","og_type":"article","og_title":"kit - Suasor - Actualidad Summar","og_description":"[vc_row equal_height=\u00bbyes\u00bb content_placement=\u00bbmiddle\u00bb][vc_column width=\u00bb1\/4&#8243; col_padding=\u00bb2&#8243; col_padding_side=\u00bbright\u00bb][vc_single_image image=\u00bb3185&#8243; onclick=\u00bbcustom_link\u00bb css_animation=\u00bbnone\u00bb css=\u00bb.vc_custom_1646311872554{margin-bottom: 0px !important;}\u00bb link=\u00bbhttps:\/\/www.summar.es\/actualidad\/kit-digital\/\u00bb][\/vc_column][vc_column width=\u00bb3\/4&#8243;][\/vc_column][\/vc_row][vc_row equal_height=\u00bbyes\u00bb content_placement=\u00bbmiddle\u00bb css=\u00bb.vc_custom_1645100283715{padding-top: 50px !important;}\u00bb][vc_column width=\u00bb1\/2&#8243; col_padding=\u00bb2&#8243; col_padding_side=\u00bbright\u00bb][vc_column_text font_size=\u00bbmedium\u00bb] Suasor. ERP para Asesor\u00edas y Despachos Profesionales Categor\u00eda: Gesti\u00f3n de procesos Segmento I: Despachos y asesor\u00edas de 10 a 49 empleados de \u00e1mbito nacional. ERP para Despachos [&hellip;]","og_url":"https:\/\/www.summar.es\/actualidad\/kit-digital-software-asesorias\/","og_site_name":"Actualidad Summar","article_modified_time":"2022-03-10T14:17:12+00:00","twitter_card":"summary_large_image","twitter_misc":{"Tiempo de lectura":"5 minutos"},"schema":{"@context":"https:\/\/schema.org","@graph":[{"@type":"WebPage","@id":"https:\/\/www.summar.es\/actualidad\/kit-digital-software-asesorias\/","url":"https:\/\/www.summar.es\/actualidad\/kit-digital-software-asesorias\/","name":"kit - Suasor - Actualidad Summar","isPartOf":{"@id":"https:\/\/www.summar.es\/actualidad\/#website"},"datePublished":"2022-02-15T08:06:43+00:00","dateModified":"2022-03-10T14:17:12+00:00","breadcrumb":{"@id":"https:\/\/www.summar.es\/actualidad\/kit-digital-software-asesorias\/#breadcrumb"},"inLanguage":"es","potentialAction":[{"@type":"ReadAction","target":["https:\/\/www.summar.es\/actualidad\/kit-digital-software-asesorias\/"]}]},{"@type":"BreadcrumbList","@id":"https:\/\/www.summar.es\/actualidad\/kit-digital-software-asesorias\/#breadcrumb","itemListElement":[{"@type":"ListItem","position":1,"name":"Portada","item":"https:\/\/www.summar.es\/actualidad\/"},{"@type":"ListItem","position":2,"name":"kit &#8211; Suasor"}]},{"@type":"WebSite","@id":"https:\/\/www.summar.es\/actualidad\/#website","url":"https:\/\/www.summar.es\/actualidad\/","name":"Actualidad Summar","description":"Temas de actualidad","potentialAction":[{"@type":"SearchAction","target":{"@type":"EntryPoint","urlTemplate":"https:\/\/www.summar.es\/actualidad\/?s={search_term_string}"},"query-input":"required name=search_term_string"}],"inLanguage":"es"}]}},"_links":{"self":[{"href":"https:\/\/www.summar.es\/actualidad\/wp-json\/wp\/v2\/pages\/4265"}],"collection":[{"href":"https:\/\/www.summar.es\/actualidad\/wp-json\/wp\/v2\/pages"}],"about":[{"href":"https:\/\/www.summar.es\/actualidad\/wp-json\/wp\/v2\/types\/page"}],"author":[{"embeddable":true,"href":"https:\/\/www.summar.es\/actualidad\/wp-json\/wp\/v2\/users\/1"}],"replies":[{"embeddable":true,"href":"https:\/\/www.summar.es\/actualidad\/wp-json\/wp\/v2\/comments?post=4265"}],"version-history":[{"count":68,"href":"https:\/\/www.summar.es\/actualidad\/wp-json\/wp\/v2\/pages\/4265\/revisions"}],"predecessor-version":[{"id":4621,"href":"https:\/\/www.summar.es\/actualidad\/wp-json\/wp\/v2\/pages\/4265\/revisions\/4621"}],"wp:attachment":[{"href":"https:\/\/www.summar.es\/actualidad\/wp-json\/wp\/v2\/media?parent=4265"}],"curies":[{"name":"wp","href":"https:\/\/api.w.org\/{rel}","templated":true}]}}