{"id":5667,"date":"2023-03-02T10:00:55","date_gmt":"2023-03-02T11:00:55","guid":{"rendered":"https:\/\/www.summar.es\/actualidad\/?page_id=5667"},"modified":"2024-11-28T13:58:27","modified_gmt":"2024-11-28T14:58:27","slug":"crm-suasor","status":"publish","type":"page","link":"https:\/\/www.summar.es\/actualidad\/crm-suasor\/","title":{"rendered":"CRM-Suasor"},"content":{"rendered":"<p>[vc_row css=\u00bb.vc_custom_1685368969512{padding-top: 0px !important;padding-bottom: 0px !important;}\u00bb][vc_column width=\u00bb1\/4&#8243; css=\u00bb.vc_custom_1617781490924{margin-top: 20px !important;}\u00bb][vc_single_image image=\u00bb3185&#8243; css=\u00bb.vc_custom_1685369041263{padding-top: 0px !important;padding-bottom: 0px !important;}\u00bb][\/vc_column][vc_column width=\u00bb3\/4&#8243;][\/vc_column][\/vc_row][vc_row equal_height=\u00bbyes\u00bb content_placement=\u00bbmiddle\u00bb][vc_column width=\u00bb1\/2&#8243; col_padding=\u00bb2&#8243; col_padding_side=\u00bbright\u00bb][vc_column_text font_size=\u00bbmedium\u00bb]<\/p>\n<h1><strong><span style=\"color: #1d63a0;\">Mejora las relaciones con tus Clientes con el nuevo CRM de Suasor<\/span><\/strong><\/h1>\n<p style=\"text-align: left;\">La nueva versi\u00f3n permite la segmentaci\u00f3n de clientes y potenciales y facilita la gesti\u00f3n de las comunicaciones, tanto comerciales como administrativas, directamente desde Suasor.<\/p>\n<p>[\/vc_column_text][vc_btn title=\u00bbVer DEMO\u00bb shape=\u00bbsquare\u00bb color=\u00bbwarning\u00bb link=\u00bburl:https%3A%2F%2Fvimeo.com%2F827911116%2F|target:_blank\u00bb][\/vc_column][vc_column width=\u00bb1\/2&#8243; col_padding=\u00bb2&#8243; col_padding_side=\u00bbleft\u00bb][vc_single_image image=\u00bb4671&#8243; img_size=\u00bblarge\u00bb alignment=\u00bbcenter\u00bb onclick=\u00bbcustom_link\u00bb img_link_target=\u00bb_blank\u00bb css_animation=\u00bbnone\u00bb css=\u00bb.vc_custom_1686231496073{margin-bottom: 0px !important;}\u00bb link=\u00bbhttps:\/\/vimeo.com\/827911116&#8243;][\/vc_column][\/vc_row][vc_row equal_height=\u00bbyes\u00bb content_placement=\u00bbmiddle\u00bb bg_color_pre=\u00bbbg-color-1&#8243; css=\u00bb.vc_custom_1686128988402{padding-top: 40px !important;}\u00bb][vc_column width=\u00bb1\/3&#8243;][vc_single_image image=\u00bb6386&#8243; img_size=\u00bb100&#215;100&#8243; alignment=\u00bbcenter\u00bb][vc_column_text]<\/p>\n<h5 style=\"text-align: center;\"><strong><span style=\"color: #1d63a0;\">Visi\u00f3n global del Cliente en una pantalla<\/span><\/strong><\/h5>\n<p>[\/vc_column_text][vc_single_image image=\u00bb6385&#8243; img_size=\u00bb100&#215;100&#8243; alignment=\u00bbcenter\u00bb][vc_column_text]<\/p>\n<h5 style=\"text-align: center;\"><strong><span style=\"color: #1d63a0;\">Generaci\u00f3n de presupuestos de abonados<\/span><\/strong><\/h5>\n<p>[\/vc_column_text][\/vc_column][vc_column width=\u00bb1\/3&#8243;][vc_single_image image=\u00bb6388&#8243; img_size=\u00bb100&#215;100&#8243; alignment=\u00bbcenter\u00bb][vc_column_text]<\/p>\n<h5 style=\"text-align: center;\"><strong><span style=\"color: #1d63a0;\">Segmentaci\u00f3n de Clientes<\/span><\/strong><\/h5>\n<p>[\/vc_column_text][vc_single_image image=\u00bb6322&#8243; img_size=\u00bb100&#215;100&#8243; alignment=\u00bbcenter\u00bb][vc_column_text]<\/p>\n<h5 style=\"text-align: center;\"><strong><span style=\"color: #1d63a0;\">Notificaciones electr\u00f3nicas<\/span><\/strong><\/h5>\n<p>[\/vc_column_text][\/vc_column][vc_column width=\u00bb1\/3&#8243;][vc_single_image image=\u00bb6387&#8243; img_size=\u00bb100&#215;100&#8243; alignment=\u00bbcenter\u00bb][vc_column_text]<\/p>\n<h5 style=\"text-align: center;\"><strong><span style=\"color: #1d63a0;\">Integraci\u00f3n con plataformas de email marketing<\/span><\/strong><\/h5>\n<p>[\/vc_column_text][vc_single_image image=\u00bb6321&#8243; img_size=\u00bb100&#215;100&#8243; alignment=\u00bbcenter\u00bb][vc_column_text]<\/p>\n<h5 style=\"text-align: center;\"><strong><span style=\"color: #1d63a0;\">Protocolos para el blanqueo de capitales<\/span><\/strong><\/h5>\n<p>[\/vc_column_text][\/vc_column][\/vc_row][vc_row][vc_column width=\u00bb1\/2&#8243;][vc_column_text]<\/p>\n<h2 style=\"text-align: left;\"><strong><span style=\"color: #1d69ad;\">Con el CRM nuevo podr\u00e1s<\/span><\/strong><\/h2>\n<p>[\/vc_column_text][vc_column_text]<\/p>\n<p style=\"text-align: left;\">\u2022 Ver los datos de negocio e interacciones del cliente en una \u00fanica pantalla<br \/>\n\u2022 Tomar notas y dejarlas archivadas en la ficha del cliente<br \/>\n\u2022 Clasificar clientes de forma r\u00e1pida y por m\u00faltiples criterios<br \/>\n\u2022 Llegar a potenciales nuevos clientes<br \/>\n\u2022 Generar plantillas y hacer env\u00edo masivo de emails<br \/>\n\u2022 Dise\u00f1ar y gestionar campa\u00f1as comerciales<br \/>\n\u2022 Crear y consultar presupuestos y ver su evoluci\u00f3n<br \/>\n\u2022 Gestionar tareas y crear protocolos para la prevenci\u00f3n del blanqueo de capitales<br \/>\n\u2022 Gestionar notificaciones electr\u00f3nicas<\/p>\n<p>[\/vc_column_text][vc_btn title=\u00bbVer Gu\u00eda\u00bb shape=\u00bbsquare\u00bb color=\u00bbwarning\u00bb align=\u00bbleft\u00bb link=\u00bburl:https%3A%2F%2Fsummartec.sharepoint.com%2F%3Ab%3A%2Fs%2Fdescargas%2FEVN9tNoF7R1Agt2TS8ZSVzMBs0pnfwZgkzQVVrj_DXxyHw%3Fe%3D0Fuu9o|target:_blank\u00bb][\/vc_column][vc_column width=\u00bb1\/2&#8243;][vc_single_image image=\u00bb6615&#8243; img_size=\u00bblarge\u00bb alignment=\u00bbcenter\u00bb][vc_btn title=\u00bbP\u00edldoras Formativas\u00bb shape=\u00bbsquare\u00bb color=\u00bbwarning\u00bb align=\u00bbcenter\u00bb link=\u00bburl:https%3A%2F%2Fvimeopro.com%2Fsummar%2Fcrm-suasor|target:_blank\u00bb][\/vc_column][\/vc_row][vc_row bg_color_pre=\u00bbbg-color-1&#8243;][vc_column][vc_column_text]<\/p>\n<h2 style=\"text-align: left;\"><strong><span style=\"color: #1d69ad;\">Notificaciones electr\u00f3nicas: +10.000 organismos<\/span><\/strong><\/h2>\n<p>[\/vc_column_text][vc_column_text]<\/p>\n<p style=\"text-align: left;\">El CRM de Suasor incluye dos apartados para la gesti\u00f3n de notificaciones electr\u00f3nicas:<\/p>\n<ul>\n<li style=\"text-align: left;\"><strong>DEH\u00fa<\/strong>:\u00a0 funcionalidad para la gesti\u00f3n de notificaciones de la plataforma DEH\u00fa que se incluye de serie en el m\u00f3dulo CRM de Suasor<\/li>\n<li style=\"text-align: left;\"><strong>OTRAS NOTIFICACIONES<\/strong>: funcionalidad para la gesti\u00f3n de notificaciones de <strong>+10.000 organismos<\/strong> que se incluye con la contrataci\u00f3n del <strong>conector de Suasor con el software EdasNEO de Zerocoma.<\/strong><\/li>\n<\/ul>\n<p>[\/vc_column_text][\/vc_column][\/vc_row][vc_row equal_height=\u00bbyes\u00bb content_placement=\u00bbmiddle\u00bb bg_color_pre=\u00bbbg-color-1&#8243;][vc_column width=\u00bb1\/2&#8243; col_padding=\u00bb2&#8243; col_padding_side=\u00bbright\u00bb][vc_column_text font_size=\u00bbmedium\u00bb]La integraci\u00f3n de Suasor con la herramienta EdasNEO te permitir\u00e1 centralizar la gesti\u00f3n de notificaciones de m\u00faltiples organismos locales, auton\u00f3micos y estatales sin salir del CRM de Suasor:<\/p>\n<p>&#8211; Gestiona las notificaciones desde una \u00fanica pantalla<br \/>\n&#8211; Actualiza los buzones de forma desatendida<br \/>\n&#8211; Configura avisos calendarizados<br \/>\n&#8211; Envia las notificaciones a los Clientes de forma masiva[\/vc_column_text][vc_btn title=\u00bbMAS INFORMACI\u00d3N\u00bb shape=\u00bbsquare\u00bb color=\u00bbwarning\u00bb align=\u00bbleft\u00bb link=\u00bburl:mailto%3Aoperaciones%40summar.es%3Fsubject%3DMe%20interesa%20el%20conector%20con%20Edasneo\u00bb css=\u00bb.vc_custom_1715784739828{padding-bottom: 40px !important;}\u00bb][\/vc_column][vc_column width=\u00bb1\/2&#8243; col_padding=\u00bb2&#8243; col_padding_side=\u00bbleft\u00bb][vc_column_text]<\/p>\n<h4 style=\"text-align: center;\"><a href=\"https:\/\/vimeo.com\/summar\/conector-suasor-edasneo?share=copy\" target=\"_blank\" rel=\"noopener\">Ver video<\/a><\/h4>\n<p>[\/vc_column_text][vc_single_image image=\u00bb7377&#8243; img_size=\u00bb500&#215;291&#8243; alignment=\u00bbcenter\u00bb onclick=\u00bbcustom_link\u00bb img_link_target=\u00bb_blank\u00bb css_animation=\u00bbnone\u00bb link=\u00bbhttps:\/\/vimeo.com\/summar\/conector-suasor-edasneo?share=copy\u00bb][\/vc_column][\/vc_row][vc_row equal_height=\u00bbyes\u00bb content_placement=\u00bbmiddle\u00bb bg_color_pre=\u00bbbg-color-2&#8243; css=\u00bb.vc_custom_1710924807957{padding-top: 40px !important;}\u00bb][vc_column col_padding=\u00bb2&#8243; col_padding_side=\u00bbright\u00bb][vc_column_text css=\u00bb.vc_custom_1715784803975{padding-top: 40px !important;padding-right: 140px !important;padding-left: 140px !important;}\u00bb]<\/p>\n<h2 style=\"text-align: center;\"><strong><span style=\"color: #1d69ad;\">\u00bfTodav\u00eda no tienes el m\u00f3dulo de CRM en tu Suasor? <\/span><\/strong><\/h2>\n<p>[\/vc_column_text][vc_btn title=\u00bbCONT\u00c1CTANOS\u00bb shape=\u00bbsquare\u00bb color=\u00bbwarning\u00bb align=\u00bbcenter\u00bb link=\u00bburl:mailto%3Aoperaciones%40summar.es%3Fsubject%3DMe%20interesa%20el%20CRM\u00bb css=\u00bb.vc_custom_1688372522157{padding-bottom: 40px !important;}\u00bb][\/vc_column][\/vc_row][vc_row bg_color_pre=\u00bbbg-color-1&#8243; css=\u00bb.vc_custom_1710924660357{padding-top: 50px !important;}\u00bb][vc_column css=\u00bb.vc_custom_1687789191422{padding-left: 80px !important;}\u00bb][vc_column_text]<\/p>\n<h1 style=\"text-align: center; font-size: 28px;\"><strong><span style=\"color: #1d69ad;\">Otras utilidades de Suasor&#8230;<\/span><\/strong><\/h1>\n<p>[\/vc_column_text][\/vc_column][vc_column width=\u00bb1\/3&#8243; css=\u00bb.vc_custom_1710924712517{padding-right: 20px !important;}\u00bb][vc_single_image image=\u00bb7194&#8243; img_size=\u00bblarge\u00bb alignment=\u00bbcenter\u00bb onclick=\u00bbcustom_link\u00bb img_link_target=\u00bb_blank\u00bb link=\u00bbhttps:\/\/www.summar.es\/actualidad\/reconocimiento-facturas-ocr\u00bb][\/vc_column][vc_column width=\u00bb1\/3&#8243; css=\u00bb.vc_custom_1710924720412{padding-right: 20px !important;}\u00bb][vc_single_image image=\u00bb7182&#8243; img_size=\u00bblarge\u00bb alignment=\u00bbcenter\u00bb onclick=\u00bbcustom_link\u00bb img_link_target=\u00bb_blank\u00bb link=\u00bbhttps:\/\/www.summar.es\/actualidad\/conciliacion-bancaria-n43\/\u00bb][\/vc_column][vc_column width=\u00bb1\/3&#8243; css=\u00bb.vc_custom_1710924731636{padding-right: 20px !important;}\u00bb][vc_single_image image=\u00bb7181&#8243; img_size=\u00bblarge\u00bb alignment=\u00bbcenter\u00bb onclick=\u00bbcustom_link\u00bb img_link_target=\u00bb_blank\u00bb link=\u00bbhttps:\/\/www.summar.es\/actualidad\/cuadros-mando-asesorias\/\u00bb][\/vc_column][\/vc_row]<\/p>\n","protected":false},"excerpt":{"rendered":"<p>[vc_row css=\u00bb.vc_custom_1685368969512{padding-top: 0px !important;padding-bottom: 0px !important;}\u00bb][vc_column width=\u00bb1\/4&#8243; css=\u00bb.vc_custom_1617781490924{margin-top: 20px !important;}\u00bb][vc_single_image image=\u00bb3185&#8243; css=\u00bb.vc_custom_1685369041263{padding-top: 0px !important;padding-bottom: 0px !important;}\u00bb][\/vc_column][vc_column width=\u00bb3\/4&#8243;][\/vc_column][\/vc_row][vc_row equal_height=\u00bbyes\u00bb content_placement=\u00bbmiddle\u00bb][vc_column width=\u00bb1\/2&#8243; col_padding=\u00bb2&#8243; col_padding_side=\u00bbright\u00bb][vc_column_text font_size=\u00bbmedium\u00bb] Mejora las relaciones con tus Clientes con el nuevo CRM de Suasor La nueva versi\u00f3n permite la segmentaci\u00f3n de clientes y potenciales y facilita la gesti\u00f3n de [&hellip;]<\/p>\n","protected":false},"author":1,"featured_media":0,"parent":0,"menu_order":0,"comment_status":"closed","ping_status":"closed","template":"template-blank.php","meta":{"footnotes":""},"yoast_head":"<!-- This site is optimized with the Yoast SEO plugin v21.4 - https:\/\/yoast.com\/wordpress\/plugins\/seo\/ -->\r\n<title>CRM-Suasor - Actualidad Summar<\/title>\r\n<meta name=\"robots\" content=\"index, follow, max-snippet:-1, max-image-preview:large, max-video-preview:-1\" \/>\r\n<link rel=\"canonical\" href=\"https:\/\/www.summar.es\/actualidad\/crm-suasor\/\" \/>\r\n<meta property=\"og:locale\" content=\"es_ES\" \/>\r\n<meta property=\"og:type\" content=\"article\" \/>\r\n<meta property=\"og:title\" content=\"CRM-Suasor - Actualidad Summar\" \/>\r\n<meta property=\"og:description\" content=\"[vc_row css=\u00bb.vc_custom_1685368969512{padding-top: 0px !important;padding-bottom: 0px !important;}\u00bb][vc_column width=\u00bb1\/4&#8243; css=\u00bb.vc_custom_1617781490924{margin-top: 20px !important;}\u00bb][vc_single_image image=\u00bb3185&#8243; css=\u00bb.vc_custom_1685369041263{padding-top: 0px !important;padding-bottom: 0px !important;}\u00bb][\/vc_column][vc_column width=\u00bb3\/4&#8243;][\/vc_column][\/vc_row][vc_row equal_height=\u00bbyes\u00bb content_placement=\u00bbmiddle\u00bb][vc_column width=\u00bb1\/2&#8243; col_padding=\u00bb2&#8243; col_padding_side=\u00bbright\u00bb][vc_column_text font_size=\u00bbmedium\u00bb] Mejora las relaciones con tus Clientes con el nuevo CRM de Suasor La nueva versi\u00f3n permite la segmentaci\u00f3n de clientes y potenciales y facilita la gesti\u00f3n de [&hellip;]\" \/>\r\n<meta property=\"og:url\" content=\"https:\/\/www.summar.es\/actualidad\/crm-suasor\/\" \/>\r\n<meta property=\"og:site_name\" content=\"Actualidad Summar\" \/>\r\n<meta property=\"article:modified_time\" content=\"2024-11-28T14:58:27+00:00\" \/>\r\n<meta name=\"twitter:card\" content=\"summary_large_image\" \/>\r\n<meta name=\"twitter:label1\" content=\"Tiempo de lectura\" \/>\n\t<meta name=\"twitter:data1\" content=\"2 minutos\" \/>\r\n<script type=\"application\/ld+json\" class=\"yoast-schema-graph\">{\"@context\":\"https:\/\/schema.org\",\"@graph\":[{\"@type\":\"WebPage\",\"@id\":\"https:\/\/www.summar.es\/actualidad\/crm-suasor\/\",\"url\":\"https:\/\/www.summar.es\/actualidad\/crm-suasor\/\",\"name\":\"CRM-Suasor - Actualidad Summar\",\"isPartOf\":{\"@id\":\"https:\/\/www.summar.es\/actualidad\/#website\"},\"datePublished\":\"2023-03-02T11:00:55+00:00\",\"dateModified\":\"2024-11-28T14:58:27+00:00\",\"breadcrumb\":{\"@id\":\"https:\/\/www.summar.es\/actualidad\/crm-suasor\/#breadcrumb\"},\"inLanguage\":\"es\",\"potentialAction\":[{\"@type\":\"ReadAction\",\"target\":[\"https:\/\/www.summar.es\/actualidad\/crm-suasor\/\"]}]},{\"@type\":\"BreadcrumbList\",\"@id\":\"https:\/\/www.summar.es\/actualidad\/crm-suasor\/#breadcrumb\",\"itemListElement\":[{\"@type\":\"ListItem\",\"position\":1,\"name\":\"Portada\",\"item\":\"https:\/\/www.summar.es\/actualidad\/\"},{\"@type\":\"ListItem\",\"position\":2,\"name\":\"CRM-Suasor\"}]},{\"@type\":\"WebSite\",\"@id\":\"https:\/\/www.summar.es\/actualidad\/#website\",\"url\":\"https:\/\/www.summar.es\/actualidad\/\",\"name\":\"Actualidad Summar\",\"description\":\"Temas de actualidad\",\"potentialAction\":[{\"@type\":\"SearchAction\",\"target\":{\"@type\":\"EntryPoint\",\"urlTemplate\":\"https:\/\/www.summar.es\/actualidad\/?s={search_term_string}\"},\"query-input\":\"required name=search_term_string\"}],\"inLanguage\":\"es\"}]}<\/script>\r\n<!-- \/ Yoast SEO plugin. -->","yoast_head_json":{"title":"CRM-Suasor - Actualidad Summar","robots":{"index":"index","follow":"follow","max-snippet":"max-snippet:-1","max-image-preview":"max-image-preview:large","max-video-preview":"max-video-preview:-1"},"canonical":"https:\/\/www.summar.es\/actualidad\/crm-suasor\/","og_locale":"es_ES","og_type":"article","og_title":"CRM-Suasor - Actualidad Summar","og_description":"[vc_row css=\u00bb.vc_custom_1685368969512{padding-top: 0px !important;padding-bottom: 0px !important;}\u00bb][vc_column width=\u00bb1\/4&#8243; css=\u00bb.vc_custom_1617781490924{margin-top: 20px !important;}\u00bb][vc_single_image image=\u00bb3185&#8243; css=\u00bb.vc_custom_1685369041263{padding-top: 0px !important;padding-bottom: 0px !important;}\u00bb][\/vc_column][vc_column width=\u00bb3\/4&#8243;][\/vc_column][\/vc_row][vc_row equal_height=\u00bbyes\u00bb content_placement=\u00bbmiddle\u00bb][vc_column width=\u00bb1\/2&#8243; col_padding=\u00bb2&#8243; col_padding_side=\u00bbright\u00bb][vc_column_text font_size=\u00bbmedium\u00bb] Mejora las relaciones con tus Clientes con el nuevo CRM de Suasor La nueva versi\u00f3n permite la segmentaci\u00f3n de clientes y potenciales y facilita la gesti\u00f3n de [&hellip;]","og_url":"https:\/\/www.summar.es\/actualidad\/crm-suasor\/","og_site_name":"Actualidad Summar","article_modified_time":"2024-11-28T14:58:27+00:00","twitter_card":"summary_large_image","twitter_misc":{"Tiempo de lectura":"2 minutos"},"schema":{"@context":"https:\/\/schema.org","@graph":[{"@type":"WebPage","@id":"https:\/\/www.summar.es\/actualidad\/crm-suasor\/","url":"https:\/\/www.summar.es\/actualidad\/crm-suasor\/","name":"CRM-Suasor - Actualidad Summar","isPartOf":{"@id":"https:\/\/www.summar.es\/actualidad\/#website"},"datePublished":"2023-03-02T11:00:55+00:00","dateModified":"2024-11-28T14:58:27+00:00","breadcrumb":{"@id":"https:\/\/www.summar.es\/actualidad\/crm-suasor\/#breadcrumb"},"inLanguage":"es","potentialAction":[{"@type":"ReadAction","target":["https:\/\/www.summar.es\/actualidad\/crm-suasor\/"]}]},{"@type":"BreadcrumbList","@id":"https:\/\/www.summar.es\/actualidad\/crm-suasor\/#breadcrumb","itemListElement":[{"@type":"ListItem","position":1,"name":"Portada","item":"https:\/\/www.summar.es\/actualidad\/"},{"@type":"ListItem","position":2,"name":"CRM-Suasor"}]},{"@type":"WebSite","@id":"https:\/\/www.summar.es\/actualidad\/#website","url":"https:\/\/www.summar.es\/actualidad\/","name":"Actualidad Summar","description":"Temas de actualidad","potentialAction":[{"@type":"SearchAction","target":{"@type":"EntryPoint","urlTemplate":"https:\/\/www.summar.es\/actualidad\/?s={search_term_string}"},"query-input":"required name=search_term_string"}],"inLanguage":"es"}]}},"_links":{"self":[{"href":"https:\/\/www.summar.es\/actualidad\/wp-json\/wp\/v2\/pages\/5667"}],"collection":[{"href":"https:\/\/www.summar.es\/actualidad\/wp-json\/wp\/v2\/pages"}],"about":[{"href":"https:\/\/www.summar.es\/actualidad\/wp-json\/wp\/v2\/types\/page"}],"author":[{"embeddable":true,"href":"https:\/\/www.summar.es\/actualidad\/wp-json\/wp\/v2\/users\/1"}],"replies":[{"embeddable":true,"href":"https:\/\/www.summar.es\/actualidad\/wp-json\/wp\/v2\/comments?post=5667"}],"version-history":[{"count":115,"href":"https:\/\/www.summar.es\/actualidad\/wp-json\/wp\/v2\/pages\/5667\/revisions"}],"predecessor-version":[{"id":12268,"href":"https:\/\/www.summar.es\/actualidad\/wp-json\/wp\/v2\/pages\/5667\/revisions\/12268"}],"wp:attachment":[{"href":"https:\/\/www.summar.es\/actualidad\/wp-json\/wp\/v2\/media?parent=5667"}],"curies":[{"name":"wp","href":"https:\/\/api.w.org\/{rel}","templated":true}]}}